?
1931
Let k(b) = -67*b**2 - 26*b - 4. Let n be k(-7). What are the prime factors of (n/20)/((-2)/8 + 0)?
3, 23
What are the prime factors of ((-28)/(-10))/(15 - (-2415589)/(-161040)) + -8?
2, 47, 109
Suppose -29*c + 5*c - 17*c = -183106. List the prime factors of c.
2, 7, 11, 29
Suppose -6*t + 39 = -81. Suppose -3*a = -t - 85. List the prime factors of 3245/a + 2/7.
3, 31
Suppose u - 2*t = 32757, -1479*u = -1474*u + t - 163829. List the prime factors of u.
5, 6553
Let r(v) = 869*v**2 - 49*v + 94. What are the prime factors of r(6)?
2, 19, 409
Let r(z) be the third derivative of z**5/60 - 13*z**4/24 + 5*z**3/6 - 6*z**2. Let w be r(14). Let s = 64 - w. What are the prime factors of s?
3, 5
What are the prime factors of (-1 - 62033)*(-152)/456 - 3/(-1)?
20681
Suppose -2*f - 483 = -2*o + 325, 4*o = -f + 1621. Suppose -4*x - 1588 - o = -5*a, -5*a - 467 = x. Let p = x - -741. List the prime factors of p.
3, 83
Suppose 109 - 301 = -6*u. Let j(x) = x**3 - 34*x**2 + 71*x - 34. What are the prime factors of j(u)?
2, 5, 19
What are the prime factors of -5 + 3*(-11305)/(-5)?
2, 3389
Suppose 5*x - 14 = -2*q, -5*q = 3*x - 4*x - 8. Let s(h) = 140*h - 19 - 157*h - 13 - 25*h**q + h**3. What are the prime factors of s(26)?
2, 101
Let r(a) = -13*a**2 + 29*a + 332. List the prime factors of r(0).
2, 83
Suppose -57*s + 53*s = -32. Suppose -s*h + 242 = -1054. Suppose 3*u = k + h, u - 4*k + 2*k - 49 = 0. What are the prime factors of u?
5, 11
Let w = 46 - -42. Suppose 0 = -5*o - 59 - 181. Let x = w + o. What are the prime factors of x?
2, 5
Let i = -8 + 12. What are the prime factors of (i/(-6) - (-68)/(-3))*-18?
2, 3, 5, 7
Suppose 3*q - 8 = -4*d + 2*q, 0 = q. Let n = d - -2. Suppose -424 = -0*v - n*v. List the prime factors of v.
2, 53
Let u(i) = i - 13. Let w be u(18). Suppose 0 = -w*o + 3*o + 20. List the prime factors of (26/(-6))/(o/(-30)).
13
Let n be (-15)/75 - (0 - 26/5). Suppose -2*g + n*g = 4*p - 3, -5*p - 40 = 5*g. List the prime factors of 50*g/10*-5.
5
Let l be (4 - -1) + 2 - -2. Suppose 13 = i + 2*z, -25 = -232*z + 227*z. List the prime factors of ((-1*14)/(-2))/(i/l).
3, 7
Suppose 4*p + l = 64, -4*p - 16 = 2*l - 84. Let j(y) = 8*y - 28. Let f be j(p). Let u = 195 - f. List the prime factors of u.
103
Suppose -122*q + 3017062 = -1723126. What are the prime factors of q?
2, 19427
Let z be (688/(-129))/(1/(-6)). Suppose z*d = 37*d - 3140. What are the prime factors of d?
2, 157
Let c(s) be the first derivative of 91*s**4/4 + s**3 + s**2 - 3*s - 41. List the prime factors of c(2).
3, 13, 19
What are the prime factors of ((-4682)/4*-1)/(1 - (-105)/(-112))?
2, 2341
Let w(m) = 2 + 5 + 12*m - 8. Let g be w(1). Suppose 0*h = -g*h + 44. What are the prime factors of h?
2
Let a = -24 - -43. Suppose -2*b + 4*n - a = -241, -b + 3*n + 113 = 0. Suppose b - 33 = r. What are the prime factors of r?
2, 37
List the prime factors of ((-32)/2)/(67/(-35443)).
2, 23
Let y = 21 - -12. Let s be (232/6)/(11/y). Let f = s - 19. List the prime factors of f.
97
Let q(x) = x**3 - 17*x**2 + 26*x + 19. Let k be q(18). Let w = k - 207. What are the prime factors of w?
2, 151
Suppose 0 = -6*i + 8*i, 3*p = 3*i + 1263. Let d = p + -12. What are the prime factors of d?
409
Suppose -5*t = -4*s - 13, 3*t + 4*s + 0*s - 27 = 0. Suppose 1 = -4*q + 21, t*q = 3*f - 2582. What are the prime factors of f?
11, 79
Let x(v) be the third derivative of v**5/60 - v**4 + 77*v**3/6 + 32*v**2. List the prime factors of x(30).
257
Suppose 0*a - 272 = 8*a. Let d be 8/(a/8 + 4). What are the prime factors of 132*((-6)/10 - d/20)?
2, 3, 11
Let l(s) = 4*s**2 + 57*s + 23. Let c be l(-19). Suppose -241*b = -235*b - c. What are the prime factors of b?
2
Let o(m) = 3*m - 2. Let f(a) = a**2 - 12*a + 22. Let d be f(10). Let t be o(d). List the prime factors of t*14 + (-2 - -1).
5, 11
Let r be (113 - (-17 + 8))*1. Let a = 689 - r. What are the prime factors of a?
3, 7
Let m = -7507 + 12094. List the prime factors of m.
3, 11, 139
Let y(l) = 2*l - 10. Let h be y(5). Let d be 2 + h + (5 - -21)/2. Suppose -d*i = -27 - 1158. What are the prime factors of i?
79
Suppose -74*o + 85*o - 462 = 0. Let g = 1232 + o. List the prime factors of g.
2, 7, 13
What are the prime factors of (21/(-30) - (-66)/55)/(3/108006)?
47, 383
Let y(d) = d**3 + 14*d**2 - 15*d + 33. Let f be y(-15). Let j be (9/(-3) + f)*44/10. Suppose -j = 8*v - 2060. What are the prime factors of v?
241
Let n = -28144 - -73245. List the prime factors of n.
7, 17, 379
Let k(c) = 3*c**3 - 12*c**2 + 7*c + 3. Suppose 9*v = -7*v + 96. List the prime factors of k(v).
3, 29
Let c(x) = 1146*x**2 - 177*x + 107. What are the prime factors of c(7)?
2, 11, 41, 61
Suppose 0 = 7*n - 175*n + 780696. What are the prime factors of n?
3, 1549
Suppose 0*z - 20*z + 400 = 0. Suppose -z*i + 3054 = -1166. What are the prime factors of i?
211
Let t = 475 + -434. Suppose 0 = t*a - 38550 + 7267. What are the prime factors of a?
7, 109
Let b(d) = -75 - 105 + 25*d + 31*d + 9. List the prime factors of b(20).
13, 73
List the prime factors of 55/2*((2050 - 23) + -13).
5, 11, 19, 53
Let m(q) = 2*q + 34. Let i be m(15). Suppose -67*w + i*w = c - 2542, 4*c = -8. What are the prime factors of w?
2, 53
Suppose -1382 = -85*j + 83*j. Let i = 190 + j. What are the prime factors of i?
881
Let v be 498/(-4)*6/9. Let m = 208 + v. List the prime factors of m.
5
Suppose -16*y + 6 = -14*y. Suppose -y*x + 2246 + 160 = -3*s, x = 3*s + 794. What are the prime factors of x?
2, 13, 31
Let y = 322 + -200. Let a = y - -176. List the prime factors of a.
2, 149
Suppose 163*m + 25 = 168*m. Suppose -m*g = -194 + 159. List the prime factors of g.
7
Suppose 5*n + 154 = 7*n. Let q(o) = 4 - 8 + n*o - 3 - 84*o. List the prime factors of q(-13).
2, 3, 7
Let u(v) be the third derivative of -3*v**4/4 + 2*v**3/3 + 24*v**2. Let w be u(6). Let k = 199 + w. List the prime factors of k.
5, 19
Suppose -5*v + 5 = 0, -511 = -3*j - 4*v - 1515. Let k = j + 846. What are the prime factors of k?
2, 3, 5, 17
Let h be 12/9 - (-1888)/(-12). Let w(j) = 20*j + 89. Let s be w(-20). Let y = h - s. What are the prime factors of y?
5, 31
Let m(j) = 9*j**3 - 4*j**2 - 7*j + 18. Let n be m(5). Let q = n - 566. List the prime factors of q.
2, 13, 17
Let j = 8816 + -5994. What are the prime factors of j?
2, 17, 83
Let m be 5/(-25) - ((-246)/15)/2. Suppose m*u = -6*u. Suppose -3*o + u*b + b = -297, -2*b - 494 = -5*o. List the prime factors of o.
2, 5
Let m(p) = -79*p**3 + p**2 - 6*p - 13. Suppose -14*t + 11*t - 6 = 0. List the prime factors of m(t).
5, 127
Let q(o) = 7*o**2 - 56*o + 529. List the prime factors of q(-37).
2, 1523
Suppose 0 = 3*y + 3*u - 21, 4*u = 2*y - u + 21. Let q be (13/((-65)/(-8)))/(y/5). List the prime factors of -2 + (q - 2) - -177.
3, 59
Let w(y) = -430*y - 37. Suppose 12*o - 15*o + m = 8, -13 = 3*o + 4*m. What are the prime factors of w(o)?
7, 179
Suppose -19066 - 47797 = -37*a + 12687. List the prime factors of a.
2, 5, 43
Suppose -2*s = -f - 2048, 1014 = s + 4*f - 2*f. Suppose s = 29*g - 3444. List the prime factors of g.
2, 7, 11
Let m(i) = -3*i**2 + 6*i + 6. Let s be m(-5). Let y(w) = -5*w**2 - 2*w + 1. Let g be y(6). Let h = s - g. What are the prime factors of h?
2, 23
Let h(u) = 175*u + 22*u + 51 - 64*u. List the prime factors of h(1).
2, 23
Suppose 5*o - 5*t = 7*o - 38335, -3*o + 4*t + 57560 = 0. What are the prime factors of o?
2, 5, 7, 137
Let f(n) = 136*n**2 - 103*n - 673. List the prime factors of f(-7).
2, 839
Let u be (-10)/20 - 14/4. Let l(f) = f**2 + 21*f + 86. What are the prime factors of l(u)?
2, 3
Suppose 8 + 4 = 3*h. Suppose 2*n = 2, 44 = -3*k - k - h*n. Let s(b) = -11*b - 16. List the prime factors of s(k).
2, 29
Let n = -27 - -31. Let o be (n/6)/((-4)/(-6)). Let z(w) = 54*w**3 + w**2 + w - 1. List the prime factors of z(o).
5, 11
Suppose -136*v + 2242970 = -47205 - 5120601. What are the prime factors of v?
29, 1879
Let b(u) = -32*u - 101. Let p be b(-3). List the prime factors of (-540)/6*(-21 + p + 9).
2, 3, 5, 17
Let n(k) = -689*k - 62. Let u be n(-7). List the prime factors of (4/(-6))/((-6)/u).
23
Let f = -260 + 260. Suppose -4*a - 5*g = -436, f = a + g + 2*g - 102. What are the prime factors of a?
2, 3, 19
Let k be (-48)/9*(-90)/80. What are the prime factors of 17794/35 + k/(-15)?
2, 127
List